{"id":2,"date":"2024-07-04T13:46:58","date_gmt":"2024-07-04T13:46:58","guid":{"rendered":"https:\/\/mjconsultores.rkinformatika.online\/?page_id=2"},"modified":"2025-07-07T09:05:33","modified_gmt":"2025-07-07T09:05:33","slug":"inicio","status":"publish","type":"page","link":"https:\/\/mjconsultores.es\/eus\/","title":{"rendered":"Hasiera"},"content":{"rendered":"<div data-elementor-type=\"wp-page\" data-elementor-id=\"2\" class=\"elementor elementor-2\" data-elementor-post-type=\"page\">\n\t\t\t\t\t\t<section class=\"elementor-section elementor-top-section elementor-element elementor-element-b8aafdc elementor-section-boxed elementor-section-height-default elementor-section-height-default\" data-id=\"b8aafdc\" data-element_type=\"section\" data-e-type=\"section\" data-settings=\"{&quot;background_background&quot;:&quot;classic&quot;}\">\n\t\t\t\t\t\t\t<div class=\"elementor-background-overlay\"><\/div>\n\t\t\t\t\t\t\t<div class=\"elementor-container elementor-column-gap-default\">\n\t\t\t\t\t<div class=\"elementor-column elementor-col-100 elementor-top-column elementor-element elementor-element-4a51991\" data-id=\"4a51991\" data-element_type=\"column\" data-e-type=\"column\">\n\t\t\t<div class=\"elementor-widget-wrap elementor-element-populated\">\n\t\t\t\t\t\t<div class=\"elementor-element elementor-element-6d81a86 elementor-widget-divider--view-line_text elementor-widget__width-initial elementor-widget-mobile__width-initial elementor-widget-divider--element-align-center elementor-invisible elementor-widget elementor-widget-divider\" data-id=\"6d81a86\" data-element_type=\"widget\" data-e-type=\"widget\" data-settings=\"{&quot;_animation&quot;:&quot;fadeInRight&quot;}\" data-widget_type=\"divider.default\">\n\t\t\t\t<div class=\"elementor-widget-container\">\n\t\t\t\t\t\t\t<div class=\"elementor-divider\">\n\t\t\t<span class=\"elementor-divider-separator\">\n\t\t\t\t\t\t\t<span class=\"elementor-divider__text elementor-divider__element\">\n\t\t\t\t2022tik\t\t\t\t<\/span>\n\t\t\t\t\t\t<\/span>\n\t\t<\/div>\n\t\t\t\t\t\t<\/div>\n\t\t\t\t<\/div>\n\t\t\t\t<div class=\"elementor-element elementor-element-b3e25a8 elementor-widget-mobile__width-initial elementor-invisible elementor-widget elementor-widget-heading\" data-id=\"b3e25a8\" data-element_type=\"widget\" data-e-type=\"widget\" data-settings=\"{&quot;_animation&quot;:&quot;zoomIn&quot;}\" data-widget_type=\"heading.default\">\n\t\t\t\t<div class=\"elementor-widget-container\">\n\t\t\t\t\t<h2 class=\"elementor-heading-title elementor-size-default\">ONGI ETORRI MJCONSULTORESera<\/h2>\t\t\t\t<\/div>\n\t\t\t\t<\/div>\n\t\t\t\t<div class=\"elementor-element elementor-element-ae386ea elementor-widget elementor-widget-text-editor\" data-id=\"ae386ea\" data-element_type=\"widget\" data-e-type=\"widget\" data-widget_type=\"text-editor.default\">\n\t\t\t\t<div class=\"elementor-widget-container\">\n\t\t\t\t\t\t\t\t\t<p>Zure negozioa sustatzen duten estrategiak, balorazio zehatzak<\/p>\t\t\t\t\t\t\t\t<\/div>\n\t\t\t\t<\/div>\n\t\t\t\t\t<\/div>\n\t\t<\/div>\n\t\t\t\t\t<\/div>\n\t\t<\/section>\n\t\t<div class=\"elementor-element elementor-element-e34995e e-con-full e-flex e-con e-parent\" data-id=\"e34995e\" data-element_type=\"container\" data-e-type=\"container\" data-settings=\"{&quot;background_background&quot;:&quot;classic&quot;}\">\n\t\t<div class=\"elementor-element elementor-element-9dffae4 e-con-full e-flex e-con e-child\" data-id=\"9dffae4\" data-element_type=\"container\" data-e-type=\"container\">\n\t\t\t\t<div class=\"elementor-element elementor-element-d9860d4 elementor-widget-divider--view-line elementor-invisible elementor-widget elementor-widget-divider\" data-id=\"d9860d4\" data-element_type=\"widget\" data-e-type=\"widget\" data-settings=\"{&quot;_animation&quot;:&quot;fadeInLeft&quot;}\" data-widget_type=\"divider.default\">\n\t\t\t\t<div class=\"elementor-widget-container\">\n\t\t\t\t\t\t\t<div class=\"elementor-divider\">\n\t\t\t<span class=\"elementor-divider-separator\">\n\t\t\t\t\t\t<\/span>\n\t\t<\/div>\n\t\t\t\t\t\t<\/div>\n\t\t\t\t<\/div>\n\t\t\t\t<div class=\"elementor-element elementor-element-ed33835 elementor-widget elementor-widget-heading\" data-id=\"ed33835\" data-element_type=\"widget\" data-e-type=\"widget\" data-widget_type=\"heading.default\">\n\t\t\t\t<div class=\"elementor-widget-container\">\n\t\t\t\t\t<h2 class=\"elementor-heading-title elementor-size-default\">Guri Buruz<\/h2>\t\t\t\t<\/div>\n\t\t\t\t<\/div>\n\t\t\t\t<div class=\"elementor-element elementor-element-7577f08 elementor-invisible elementor-widget elementor-widget-image\" data-id=\"7577f08\" data-element_type=\"widget\" data-e-type=\"widget\" data-settings=\"{&quot;_animation&quot;:&quot;zoomIn&quot;}\" data-widget_type=\"image.default\">\n\t\t\t\t<div class=\"elementor-widget-container\">\n\t\t\t\t\t\t\t\t\t\t\t\t\t\t\t<img fetchpriority=\"high\" decoding=\"async\" width=\"800\" height=\"400\" src=\"https:\/\/mjconsultores.es\/wp-content\/uploads\/2024\/07\/business-people-meeting-using-laptop-computer-calculator-notebook-stock-market-chart-paper-for-1024x512.jpg\" class=\"attachment-large size-large wp-image-511\" alt=\"Business People Meeting using laptop computer,calculator,notebook,stock market chart paper for\" srcset=\"https:\/\/mjconsultores.es\/wp-content\/uploads\/2024\/07\/business-people-meeting-using-laptop-computer-calculator-notebook-stock-market-chart-paper-for-1024x512.jpg 1024w, https:\/\/mjconsultores.es\/wp-content\/uploads\/2024\/07\/business-people-meeting-using-laptop-computer-calculator-notebook-stock-market-chart-paper-for-300x150.jpg 300w, https:\/\/mjconsultores.es\/wp-content\/uploads\/2024\/07\/business-people-meeting-using-laptop-computer-calculator-notebook-stock-market-chart-paper-for-768x384.jpg 768w, https:\/\/mjconsultores.es\/wp-content\/uploads\/2024\/07\/business-people-meeting-using-laptop-computer-calculator-notebook-stock-market-chart-paper-for-1536x768.jpg 1536w, https:\/\/mjconsultores.es\/wp-content\/uploads\/2024\/07\/business-people-meeting-using-laptop-computer-calculator-notebook-stock-market-chart-paper-for-18x9.jpg 18w, https:\/\/mjconsultores.es\/wp-content\/uploads\/2024\/07\/business-people-meeting-using-laptop-computer-calculator-notebook-stock-market-chart-paper-for.jpg 2000w\" sizes=\"(max-width: 800px) 100vw, 800px\" \/>\t\t\t\t\t\t\t\t\t\t\t\t\t\t\t<\/div>\n\t\t\t\t<\/div>\n\t\t\t\t<\/div>\n\t\t<div class=\"elementor-element elementor-element-ffbf9cc e-con-full e-flex e-con e-child\" data-id=\"ffbf9cc\" data-element_type=\"container\" data-e-type=\"container\">\n\t\t\t\t<div class=\"elementor-element elementor-element-d34698b elementor-widget__width-initial elementor-hidden-tablet elementor-hidden-mobile elementor-invisible elementor-widget elementor-widget-image\" data-id=\"d34698b\" data-element_type=\"widget\" data-e-type=\"widget\" data-settings=\"{&quot;_animation&quot;:&quot;fadeInDown&quot;,&quot;_animation_tablet&quot;:&quot;fadeInLeft&quot;}\" data-widget_type=\"image.default\">\n\t\t\t\t<div class=\"elementor-widget-container\">\n\t\t\t\t\t\t\t\t\t\t\t\t\t\t\t<img decoding=\"async\" width=\"800\" height=\"434\" src=\"https:\/\/mjconsultores.es\/wp-content\/uploads\/2024\/07\/two-business-teamwork-calculating-a-valuation-in-workplace--1024x556.jpg\" class=\"attachment-large size-large wp-image-493\" alt=\"Two business teamwork calculating a valuation in workplace.\" srcset=\"https:\/\/mjconsultores.es\/wp-content\/uploads\/2024\/07\/two-business-teamwork-calculating-a-valuation-in-workplace--1024x556.jpg 1024w, https:\/\/mjconsultores.es\/wp-content\/uploads\/2024\/07\/two-business-teamwork-calculating-a-valuation-in-workplace--300x163.jpg 300w, https:\/\/mjconsultores.es\/wp-content\/uploads\/2024\/07\/two-business-teamwork-calculating-a-valuation-in-workplace--768x417.jpg 768w, https:\/\/mjconsultores.es\/wp-content\/uploads\/2024\/07\/two-business-teamwork-calculating-a-valuation-in-workplace--1536x833.jpg 1536w, https:\/\/mjconsultores.es\/wp-content\/uploads\/2024\/07\/two-business-teamwork-calculating-a-valuation-in-workplace--18x10.jpg 18w, https:\/\/mjconsultores.es\/wp-content\/uploads\/2024\/07\/two-business-teamwork-calculating-a-valuation-in-workplace-.jpg 2000w\" sizes=\"(max-width: 800px) 100vw, 800px\" \/>\t\t\t\t\t\t\t\t\t\t\t\t\t\t\t<\/div>\n\t\t\t\t<\/div>\n\t\t\t\t<div class=\"elementor-element elementor-element-cd21fee elementor-invisible elementor-widget elementor-widget-text-editor\" data-id=\"cd21fee\" data-element_type=\"widget\" data-e-type=\"widget\" data-settings=\"{&quot;_animation&quot;:&quot;fadeInUp&quot;}\" data-widget_type=\"text-editor.default\">\n\t\t\t\t<div class=\"elementor-widget-container\">\n\t\t\t\t\t\t\t\t\t<p>Bi urte baino gehiagoko esperientzia dugu, eta espezialistak gara merkataritza-aholkularitzan eta enpresen balorazioan. Enpresa txiki eta ertainentzako balorazio-txostenak egiten ditugu, enpresak erosteko interesa duten inbertitzaile potentzialak bilatzeaz gain. Gure zerbitzuek aholkularitza estrategikoa eskaintzen dute salmentetan eta enpresen balorazioan, egungo merkatuan gure bezeroen hazkundea eta arrakasta sustatzeko diseinatuak.<\/p>\t\t\t\t\t\t\t\t<\/div>\n\t\t\t\t<\/div>\n\t\t\t\t<\/div>\n\t\t\t\t<\/div>\n\t\t\t\t<section class=\"elementor-section elementor-top-section elementor-element elementor-element-823d0e0 elementor-section-full_width elementor-section-height-default elementor-section-height-default\" data-id=\"823d0e0\" data-element_type=\"section\" data-e-type=\"section\" data-settings=\"{&quot;background_background&quot;:&quot;classic&quot;}\">\n\t\t\t\t\t\t\t<div class=\"elementor-background-overlay\"><\/div>\n\t\t\t\t\t\t\t<div class=\"elementor-container elementor-column-gap-default\">\n\t\t\t\t\t<div class=\"elementor-column elementor-col-100 elementor-top-column elementor-element elementor-element-a2d9c09 elementor-invisible\" data-id=\"a2d9c09\" data-element_type=\"column\" data-e-type=\"column\" data-settings=\"{&quot;animation&quot;:&quot;fadeIn&quot;}\">\n\t\t\t<div class=\"elementor-widget-wrap elementor-element-populated\">\n\t\t\t\t\t\t<div class=\"elementor-element elementor-element-93c6376 elementor-widget elementor-widget-text-editor\" data-id=\"93c6376\" data-element_type=\"widget\" data-e-type=\"widget\" data-widget_type=\"text-editor.default\">\n\t\t\t\t<div class=\"elementor-widget-container\">\n\t\t\t\t\t\t\t\t\t<p>Gure zerbitzuei buruz gehiago jakin nahi duzu?<\/p>\t\t\t\t\t\t\t\t<\/div>\n\t\t\t\t<\/div>\n\t\t\t\t<div class=\"elementor-element elementor-element-675b0fe elementor-hidden-mobile elementor-widget elementor-widget-text-editor\" data-id=\"675b0fe\" data-element_type=\"widget\" data-e-type=\"widget\" data-widget_type=\"text-editor.default\">\n\t\t\t\t<div class=\"elementor-widget-container\">\n\t\t\t\t\t\t\t\t\t<p>Ez izan zalantzarik gurekin harremanetan jartzeko, atsegin handiz lagunduko dizugu!<\/p>\t\t\t\t\t\t\t\t<\/div>\n\t\t\t\t<\/div>\n\t\t\t\t<div class=\"elementor-element elementor-element-2c56923 elementor-align-center elementor-widget elementor-widget-button\" data-id=\"2c56923\" data-element_type=\"widget\" data-e-type=\"widget\" data-widget_type=\"button.default\">\n\t\t\t\t<div class=\"elementor-widget-container\">\n\t\t\t\t\t\t\t\t\t<div class=\"elementor-button-wrapper\">\n\t\t\t\t\t<a class=\"elementor-button elementor-button-link elementor-size-sm\" href=\"https:\/\/mjconsultores.es\/eus\/contacto\/\">\n\t\t\t\t\t\t<span class=\"elementor-button-content-wrapper\">\n\t\t\t\t\t\t\t\t\t<span class=\"elementor-button-text\">Kontaktatu<\/span>\n\t\t\t\t\t<\/span>\n\t\t\t\t\t<\/a>\n\t\t\t\t<\/div>\n\t\t\t\t\t\t\t\t<\/div>\n\t\t\t\t<\/div>\n\t\t\t\t\t<\/div>\n\t\t<\/div>\n\t\t\t\t\t<\/div>\n\t\t<\/section>\n\t\t\t\t<\/div>","protected":false},"excerpt":{"rendered":"<p>Desde 2022 BIENVENIDOS A mjconsultores Estrategias que Potencian Tu Negocio, Valoraciones Precisas Sobre Nosotros Con m\u00e1s de 2 a\u00f1os de experiencia, somos especialistas en consultor\u00eda comercial y valoraci\u00f3n de empresas. Nos dedicamos a la confecci\u00f3n de informes de valoraci\u00f3n para pymes, adem\u00e1s de facilitar la b\u00fasqueda de potenciales inversores interesados en adquirir empresas. Nuestros servicios [&hellip;]<\/p>\n","protected":false},"author":1,"featured_media":0,"parent":0,"menu_order":0,"comment_status":"closed","ping_status":"closed","template":"elementor_canvas","meta":{"footnotes":""},"class_list":["post-2","page","type-page","status-publish","hentry"],"yoast_head":"<!-- This site is optimized with the Yoast SEO plugin v27.5 - https:\/\/yoast.com\/product\/yoast-seo-wordpress\/ -->\n<title>Inicio - mjconsultores<\/title>\n<meta name=\"robots\" content=\"index, follow, max-snippet:-1, max-image-preview:large, max-video-preview:-1\" \/>\n<link rel=\"canonical\" href=\"https:\/\/mjconsultores.es\/eus\/\" \/>\n<meta property=\"og:locale\" content=\"en_US\" \/>\n<meta property=\"og:type\" content=\"article\" \/>\n<meta property=\"og:title\" content=\"Inicio - mjconsultores\" \/>\n<meta property=\"og:description\" content=\"Desde 2022 BIENVENIDOS A mjconsultores Estrategias que Potencian Tu Negocio, Valoraciones Precisas Sobre Nosotros Con m\u00e1s de 2 a\u00f1os de experiencia, somos especialistas en consultor\u00eda comercial y valoraci\u00f3n de empresas. Nos dedicamos a la confecci\u00f3n de informes de valoraci\u00f3n para pymes, adem\u00e1s de facilitar la b\u00fasqueda de potenciales inversores interesados en adquirir empresas. Nuestros servicios [&hellip;]\" \/>\n<meta property=\"og:url\" content=\"https:\/\/mjconsultores.es\/eus\/\" \/>\n<meta property=\"og:site_name\" content=\"mjconsultores\" \/>\n<meta property=\"article:modified_time\" content=\"2025-07-07T09:05:33+00:00\" \/>\n<meta property=\"og:image\" content=\"https:\/\/mjconsultores.es\/wp-content\/uploads\/2024\/07\/business-people-meeting-using-laptop-computer-calculator-notebook-stock-market-chart-paper-for.jpg\" \/>\n\t<meta property=\"og:image:width\" content=\"2000\" \/>\n\t<meta property=\"og:image:height\" content=\"1000\" \/>\n\t<meta property=\"og:image:type\" content=\"image\/jpeg\" \/>\n<meta name=\"twitter:card\" content=\"summary_large_image\" \/>\n<meta name=\"twitter:label1\" content=\"Est. reading time\" \/>\n\t<meta name=\"twitter:data1\" content=\"1 minutua\" \/>\n<script type=\"application\/ld+json\" class=\"yoast-schema-graph\">{\"@context\":\"https:\\\/\\\/schema.org\",\"@graph\":[{\"@type\":\"WebPage\",\"@id\":\"https:\\\/\\\/mjconsultores.es\\\/\",\"url\":\"https:\\\/\\\/mjconsultores.es\\\/\",\"name\":\"Inicio - mjconsultores\",\"isPartOf\":{\"@id\":\"https:\\\/\\\/mjconsultores.es\\\/#website\"},\"primaryImageOfPage\":{\"@id\":\"https:\\\/\\\/mjconsultores.es\\\/#primaryimage\"},\"image\":{\"@id\":\"https:\\\/\\\/mjconsultores.es\\\/#primaryimage\"},\"thumbnailUrl\":\"https:\\\/\\\/mjconsultores.es\\\/wp-content\\\/uploads\\\/2024\\\/07\\\/business-people-meeting-using-laptop-computer-calculator-notebook-stock-market-chart-paper-for-1024x512.jpg\",\"datePublished\":\"2024-07-04T13:46:58+00:00\",\"dateModified\":\"2025-07-07T09:05:33+00:00\",\"breadcrumb\":{\"@id\":\"https:\\\/\\\/mjconsultores.es\\\/#breadcrumb\"},\"inLanguage\":\"eu\",\"potentialAction\":[{\"@type\":\"ReadAction\",\"target\":[\"https:\\\/\\\/mjconsultores.es\\\/\"]}]},{\"@type\":\"ImageObject\",\"inLanguage\":\"eu\",\"@id\":\"https:\\\/\\\/mjconsultores.es\\\/#primaryimage\",\"url\":\"https:\\\/\\\/mjconsultores.es\\\/wp-content\\\/uploads\\\/2024\\\/07\\\/business-people-meeting-using-laptop-computer-calculator-notebook-stock-market-chart-paper-for-1024x512.jpg\",\"contentUrl\":\"https:\\\/\\\/mjconsultores.es\\\/wp-content\\\/uploads\\\/2024\\\/07\\\/business-people-meeting-using-laptop-computer-calculator-notebook-stock-market-chart-paper-for-1024x512.jpg\"},{\"@type\":\"BreadcrumbList\",\"@id\":\"https:\\\/\\\/mjconsultores.es\\\/#breadcrumb\",\"itemListElement\":[{\"@type\":\"ListItem\",\"position\":1,\"name\":\"Portada\",\"item\":\"https:\\\/\\\/mjconsultores.es\\\/\"},{\"@type\":\"ListItem\",\"position\":2,\"name\":\"Inicio\"}]},{\"@type\":\"WebSite\",\"@id\":\"https:\\\/\\\/mjconsultores.es\\\/#website\",\"url\":\"https:\\\/\\\/mjconsultores.es\\\/\",\"name\":\"mjconsultores\",\"description\":\"\",\"publisher\":{\"@id\":\"https:\\\/\\\/mjconsultores.es\\\/#organization\"},\"potentialAction\":[{\"@type\":\"SearchAction\",\"target\":{\"@type\":\"EntryPoint\",\"urlTemplate\":\"https:\\\/\\\/mjconsultores.es\\\/?s={search_term_string}\"},\"query-input\":{\"@type\":\"PropertyValueSpecification\",\"valueRequired\":true,\"valueName\":\"search_term_string\"}}],\"inLanguage\":\"eu\"},{\"@type\":\"Organization\",\"@id\":\"https:\\\/\\\/mjconsultores.es\\\/#organization\",\"name\":\"mjconsultores\",\"url\":\"https:\\\/\\\/mjconsultores.es\\\/\",\"logo\":{\"@type\":\"ImageObject\",\"inLanguage\":\"eu\",\"@id\":\"https:\\\/\\\/mjconsultores.es\\\/#\\\/schema\\\/logo\\\/image\\\/\",\"url\":\"https:\\\/\\\/mjconsultores.es\\\/wp-content\\\/uploads\\\/2024\\\/07\\\/cropped-Captura-desde-2024-07-04-17-39-27.png\",\"contentUrl\":\"https:\\\/\\\/mjconsultores.es\\\/wp-content\\\/uploads\\\/2024\\\/07\\\/cropped-Captura-desde-2024-07-04-17-39-27.png\",\"width\":509,\"height\":313,\"caption\":\"mjconsultores\"},\"image\":{\"@id\":\"https:\\\/\\\/mjconsultores.es\\\/#\\\/schema\\\/logo\\\/image\\\/\"}}]}<\/script>\n<!-- \/ Yoast SEO plugin. -->","yoast_head_json":{"title":"Inicio - mjconsultores","robots":{"index":"index","follow":"follow","max-snippet":"max-snippet:-1","max-image-preview":"max-image-preview:large","max-video-preview":"max-video-preview:-1"},"canonical":"https:\/\/mjconsultores.es\/eus\/","og_locale":"en_US","og_type":"article","og_title":"Inicio - mjconsultores","og_description":"Desde 2022 BIENVENIDOS A mjconsultores Estrategias que Potencian Tu Negocio, Valoraciones Precisas Sobre Nosotros Con m\u00e1s de 2 a\u00f1os de experiencia, somos especialistas en consultor\u00eda comercial y valoraci\u00f3n de empresas. Nos dedicamos a la confecci\u00f3n de informes de valoraci\u00f3n para pymes, adem\u00e1s de facilitar la b\u00fasqueda de potenciales inversores interesados en adquirir empresas. Nuestros servicios [&hellip;]","og_url":"https:\/\/mjconsultores.es\/eus\/","og_site_name":"mjconsultores","article_modified_time":"2025-07-07T09:05:33+00:00","og_image":[{"width":2000,"height":1000,"url":"https:\/\/mjconsultores.es\/wp-content\/uploads\/2024\/07\/business-people-meeting-using-laptop-computer-calculator-notebook-stock-market-chart-paper-for.jpg","type":"image\/jpeg"}],"twitter_card":"summary_large_image","twitter_misc":{"Est. reading time":"1 minutua"},"schema":{"@context":"https:\/\/schema.org","@graph":[{"@type":"WebPage","@id":"https:\/\/mjconsultores.es\/","url":"https:\/\/mjconsultores.es\/","name":"Inicio - mjconsultores","isPartOf":{"@id":"https:\/\/mjconsultores.es\/#website"},"primaryImageOfPage":{"@id":"https:\/\/mjconsultores.es\/#primaryimage"},"image":{"@id":"https:\/\/mjconsultores.es\/#primaryimage"},"thumbnailUrl":"https:\/\/mjconsultores.es\/wp-content\/uploads\/2024\/07\/business-people-meeting-using-laptop-computer-calculator-notebook-stock-market-chart-paper-for-1024x512.jpg","datePublished":"2024-07-04T13:46:58+00:00","dateModified":"2025-07-07T09:05:33+00:00","breadcrumb":{"@id":"https:\/\/mjconsultores.es\/#breadcrumb"},"inLanguage":"eu","potentialAction":[{"@type":"ReadAction","target":["https:\/\/mjconsultores.es\/"]}]},{"@type":"ImageObject","inLanguage":"eu","@id":"https:\/\/mjconsultores.es\/#primaryimage","url":"https:\/\/mjconsultores.es\/wp-content\/uploads\/2024\/07\/business-people-meeting-using-laptop-computer-calculator-notebook-stock-market-chart-paper-for-1024x512.jpg","contentUrl":"https:\/\/mjconsultores.es\/wp-content\/uploads\/2024\/07\/business-people-meeting-using-laptop-computer-calculator-notebook-stock-market-chart-paper-for-1024x512.jpg"},{"@type":"BreadcrumbList","@id":"https:\/\/mjconsultores.es\/#breadcrumb","itemListElement":[{"@type":"ListItem","position":1,"name":"Portada","item":"https:\/\/mjconsultores.es\/"},{"@type":"ListItem","position":2,"name":"Inicio"}]},{"@type":"WebSite","@id":"https:\/\/mjconsultores.es\/#website","url":"https:\/\/mjconsultores.es\/","name":"mjconsultores","description":"","publisher":{"@id":"https:\/\/mjconsultores.es\/#organization"},"potentialAction":[{"@type":"SearchAction","target":{"@type":"EntryPoint","urlTemplate":"https:\/\/mjconsultores.es\/?s={search_term_string}"},"query-input":{"@type":"PropertyValueSpecification","valueRequired":true,"valueName":"search_term_string"}}],"inLanguage":"eu"},{"@type":"Organization","@id":"https:\/\/mjconsultores.es\/#organization","name":"mjconsultores","url":"https:\/\/mjconsultores.es\/","logo":{"@type":"ImageObject","inLanguage":"eu","@id":"https:\/\/mjconsultores.es\/#\/schema\/logo\/image\/","url":"https:\/\/mjconsultores.es\/wp-content\/uploads\/2024\/07\/cropped-Captura-desde-2024-07-04-17-39-27.png","contentUrl":"https:\/\/mjconsultores.es\/wp-content\/uploads\/2024\/07\/cropped-Captura-desde-2024-07-04-17-39-27.png","width":509,"height":313,"caption":"mjconsultores"},"image":{"@id":"https:\/\/mjconsultores.es\/#\/schema\/logo\/image\/"}}]}},"_links":{"self":[{"href":"https:\/\/mjconsultores.es\/eus\/wp-json\/wp\/v2\/pages\/2","targetHints":{"allow":["GET"]}}],"collection":[{"href":"https:\/\/mjconsultores.es\/eus\/wp-json\/wp\/v2\/pages"}],"about":[{"href":"https:\/\/mjconsultores.es\/eus\/wp-json\/wp\/v2\/types\/page"}],"author":[{"embeddable":true,"href":"https:\/\/mjconsultores.es\/eus\/wp-json\/wp\/v2\/users\/1"}],"replies":[{"embeddable":true,"href":"https:\/\/mjconsultores.es\/eus\/wp-json\/wp\/v2\/comments?post=2"}],"version-history":[{"count":238,"href":"https:\/\/mjconsultores.es\/eus\/wp-json\/wp\/v2\/pages\/2\/revisions"}],"predecessor-version":[{"id":987,"href":"https:\/\/mjconsultores.es\/eus\/wp-json\/wp\/v2\/pages\/2\/revisions\/987"}],"wp:attachment":[{"href":"https:\/\/mjconsultores.es\/eus\/wp-json\/wp\/v2\/media?parent=2"}],"curies":[{"name":"wp","href":"https:\/\/api.w.org\/{rel}","templated":true}]}}